)?
4
Let v be (-2)/(-4)*(-56)/4. Let i be (6/15)/(165/25 + v). Let b(x) = -16*x**3 - 2*x**2 - x. Give b(i).
15
Let c(u) = u**2 - 11*u + 9. Suppose 0 = -2*o - 2*d + 84, 9*o = 5*o + d + 148. Let i be 88/176 + o/4. Determine c(i).
-1
Suppose 79*j = 88*j - 4878. Let k = j - 545. Let p(u) = u - 8. Calculate p(k).
-11
Let o(p) be the second derivative of p**6/120 - p**5/12 + p**4/6 + p**3/6 + 25*p**2 + 35*p. Let d(u) be the first derivative of o(u). Give d(3).
-5
Suppose -31*c + 17*c + 42 = 0. Let b(x) = 3863*x**2 - 3 - x**c - 3872*x**2 + 0*x**3. Give b(-9).
-3
Let d be (-16)/(-2) - (-3 - (9 - 15)). Let j(g) = -d - g**2 + 48*g - 46*g + 3. Give j(4).
-10
Let j(x) = -85*x**2 + x - 60*x**2 + 146*x**2 - x**3 - 7 + 5*x**3 - 3*x**3. Let b(i) = -i**3 + 13*i**2 - 13*i + 12. Let d be b(12). Calculate j(d).
-7
Suppose 0*i + 2 = 3*i + 5*u, 8 = -5*i + 3*u. Let d(a) = 18*a + 2 - 6*a**3 + 54*a**2 - 89*a**2 - 17*a + 33*a**2. Determine d(i).
5
Let z(p) = -9*p**3 - 8*p**3 + 208*p**2 - 15*p**3 - 213*p**2 - 7 + 34*p**3. Give z(4).
41
Let i = 139 + -139. Suppose -5*v + i*w + 35 = -3*w, 0 = -4*w - 20. Let m(f) = f**3 - 2*f**2 - 2*f - 5. What is m(v)?
19
Let o(l) = 19 - 19 - 16 + 14 + 6*l - l. Calculate o(-4).
-22
Let s(n) = -n**2 - 24*n + 49. Let t(b) = b**3 - 7*b**2 - 9*b + 69. Let j be t(5). Calculate s(j).
-3
Let m(i) = i**3 + 14*i**2 - 16*i - 16. Suppose -276 + 264 = -2*a. Let u be a/(-10)*(-425)/(-17). Calculate m(u).
-1
Let x(w) = 3*w**2 + 2. Let p be 6/((-4)/(-2))*(-47)/(-92 - -45). Determine x(p).
29
Let c(k) = -k**3 + 25*k**2 + 20*k + 144. Let j(i) = 1833*i - 12805. Let n be j(7). Calculate c(n).
-12
Let j(c) = c**2 + 17*c + 41. Suppose 0 = 52*r + 61*r + 565. Calculate j(r).
-19
Suppose -4*p + 8 - 34 = 158. Let z(x) = -x**2 - 42*x + 185. Give z(p).
1
Suppose -65 = -g + 6*g - 5*q, 0 = -5*q + 35. Let d(w) = w**2 - 8*w - 3. Determine d(g).
81
Let d(n) be the second derivative of 2*n**3/3 - 13*n**2/2 + 154*n + 2. Determine d(8).
19
Let f(l) = l**2 - 12*l + 15. Let i be (-24)/1 + (-2 - -4). Let s be i*(2/4)/(2 - 3). Calculate f(s).
4
Let g(l) = 9*l**2 + 64*l + 18. Let s(q) = -4*q**2 - 30*q - 9. Let v(p) = 6*g(p) + 13*s(p). What is v(8)?
71
Let h(u) = 74 - 17 - 21 - 16 + 40*u - 18. What is h(2)?
82
Let v(n) = 2*n**2 + 43*n - 21. Let o be v(-22). Let d(w) be the third derivative of -9*w**2 + 0*w**5 + 0 + 0*w + 1/20*w**6 + 0*w**4 + 1/6*w**3. Calculate d(o).
7
Let g(d) = d**3 - d**2 - 19*d - 39. Let m be 232/(-870)*(-10)/4 + 10/(-15). What is g(m)?
-39
Let g(v) be the second derivative of v**5/20 + 5*v**4/3 - 43*v**3/6 + 5*v**2/2 - 328*v + 1. What is g(-22)?
-17
Let w be (11/(-4) - -3)*(10 - 2). Let y(h) = 14*h - 13*h**w + 9 + 14*h**2 - 6*h. Suppose 2*m + 6*m = -48. Give y(m).
-3
Let a(y) be the second derivative of -13*y**3/6 - 35*y**2/2 - 1563*y. Determine a(-11).
108
Let g = -109042 + 109048. Let x(o) be the third derivative of -o**6/120 + o**5/12 + o**4/3 - 7*o**3/6 + o**2. Give x(g).
5
Let a(n) = n**3 - 19*n**2 - 61*n - 123. Let m be a(22). Let t(o) = -3*o - 31. What is t(m)?
8
Let k(r) = r**3 + 8*r**2 - 2*r + 32. Let q be 2 + 3 + -22 + 8. Calculate k(q).
-31
Suppose -5*y = -3*m + 178, 2*m = -0*m - y + 97. Suppose -32*a + m = -29*a. Let k(r) = r**2 - 16*r - 16. What is k(a)?
1
Let p = 728 - 732. Let d(y) = -5*y - 1 + 1 + 0 + 2 - 2*y**2. What is d(p)?
-10
Let y(t) = -8 + 69*t - 147*t + t**2 + 62*t. Let p(j) = j**2 - 18*j - 8. Let s(v) = 5*p(v) - 6*y(v). Calculate s(7).
1
Let o(g) = g + 8. Let k(z) = -3*z**3 + 11. Let i(y) = 9*y**3 + y - 35. Let p(b) = 3*i(b) + 8*k(b). Let v be p(2). Determine o(v).
21
Let y(a) be the third derivative of 1/3*a**3 + 0 - 21*a**2 - 1/12*a**4 + 0*a. Let d = 13 - 10. Determine y(d).
-4
Let c(i) = -i**2 + 5*i + 31. Let v be c(-4). Let m(s) = 6*s**2 + 11*s + 10. Let g(r) = 5*r**2 + 10*r + 8. Let q(w) = v*g(w) + 4*m(w). What is q(-6)?
0
Let w = 1 - 1. Let c(o) be the third derivative of 0 + 1/60*o**5 + o**3 + 0*o + 64*o**2 + 1/120*o**6 - 1/24*o**4. Determine c(w).
6
Let r(b) = -b**3 + 18*b**2 + 43*b - 53. Let s be r(20). Let y(w) = 13*w + 15. Determine y(s).
106
Let x = 436 + -275. Let h = -164 + x. Let f(q) be the second derivative of -q**5/20 - q**4/3 - 5*q**3/6 - 3*q**2/2 + q. Determine f(h).
3
Suppose -3*a + a - 2*k = -62, 4*a - 2*k = 148. Let t = 2315 + -2276. Let b = a - t. Let y(x) = x**2 + 3*x. Determine y(b).
4
Let w(b) = -15*b - 6 + 16*b - 4 + 12 - 3*b**2. Let n = 15 + -24. Let v be (-2)/n - (-48)/27. Give w(v).
-8
Suppose -13*c + 30 - 125 = -17. Let i(d) = 2*d - 4. What is i(c)?
-16
Let l(y) = y**3 + 6*y**2 + 2*y - 1. Let h be 1 - ((-3 - -9) + 1). Let o be (h + 6)/((-1)/1). Suppose -3*t + 18 = -3*z, 5*t + 5 = -2*z - o*t. Give l(z).
14
Let h(q) = 28*q + 5854 + 5848 - 11708. What is h(2)?
50
Let c(p) = 3*p**2 + 2. Let n(d) = d**3 + 58*d**2 + 113*d + 54. Let v be n(-56). What is c(v)?
14
Let a be (-396)/270*-5 - (-4)/6. Let q(b) = -3*b + 28. Give q(a).
4
Let x(u) = -11*u - 24. Let n(i) = -34*i - 50. Let w(t) = 3*n(t) - 8*x(t). Calculate w(6).
-42
Let f = 219 - 216. Let m(w) = 2*w - 2*w - 6655 + 6*w**2 + 6656 - w**f. Suppose 0 = 4*u - 19 - 5. Determine m(u).
1
Let f be (-13)/(-78) - 5062/(-12). Suppose 447 = -5*j + f. Let d(u) = u**3 + 4*u**2 - u - 4. Give d(j).
-24
Let q(r) = r**2 - 12*r - r - 87 + 179 - 83. Calculate q(10).
-21
Let x(f) be the first derivative of -4*f**3/3 - f**2/2 - 143. Determine x(2).
-18
Let z(m) = 10544*m - m**2 - 21077*m - 9 + 10539*m. Determine z(7).
-16
Let h = 7 - 11. Let v = 61 + -55. Let m(w) = -v + 17*w**3 - 16*w**3 + 5*w**2 + 2*w - 4*w. Give m(h).
18
Let c(m) = 5*m - 2. Let q be (3 + -2 - 5) + 9/3. Let d(a) = a + 1. Let r be d(q). Suppose -4*v + 8 = r, -5*v + 6 = -p - 0*v. Calculate c(p).
18
Let i(p) = -p**2 - 25*p + 145. Suppose 6*a - 3*o + 69 = 4*a, -99 = 3*a - 3*o. Determine i(a).
-5
Suppose 4*n + 3*f + 67 = 0, 305*n + 2*f + 58 = 301*n. Let u(d) = -2*d + 6 + 3*d + 2*d + 0*d. Calculate u(n).
-24
Let l(y) = -4*y + 33. Let q be l(3). Suppose 143*r - q = 146*r. Let d(b) = -b**2 - 9*b - 11. Calculate d(r).
3
Let n(i) be the second derivative of i**3/2 - 3*i**2/2 - 681*i - 2. Let t be 5 - (0 + 1 + 1). Suppose 4 = -t*s + 13. Calculate n(s).
6
Let n(l) = -l**2 - 142357 + 2*l + 142371 - 2*l. What is n(-6)?
-22
Let m(h) = 13*h**2 + 80*h + 195. Let p(u) = 9*u**2 + 54*u + 130. Let y(r) = -5*m(r) + 7*p(r). Let k be y(-7). Let n(j) = -2*j - 11. What is n(k)?
7
Suppose -2*q - 3*d = -6*d - 11, 0 = 2*q + 5*d + 29. Let c(o) = -24*o - 13*o + 60*o + 3 - 7*o - 18*o. Calculate c(q).
7
Let h(a) = -3*a. Suppose 37 = 2*q + 5*t, 0 = 4*q - t + 14 - 77. Let v(i) = q*i**2 - 3 + 20*i - 15*i**2 + 41. Let x be v(-18). Calculate h(x).
-6
Let c(z) = 48*z**2 + 66 - 30 - 49*z**2 + 26*z. What is c(27)?
9
Let p = 28 + -21. Let d be (-44)/p + 6/21. Let g(w) = -3*w - 5. Let r(j) = -j. Let v(c) = -g(c) + 2*r(c). Calculate v(d).
-1
Let w(h) = -25*h + 147. Let c = 410 - 404. Let r be w(c). Let k(y) = 2*y**2 + 2*y - 1. Calculate k(r).
11
Let v(a) = -5*a + 0*a - 3 + 4*a. Let l(p) = 19*p + 62. Let s be l(-3). Suppose 0 = 5*d + u + 18, -9*d - 8 = -s*d + 4*u. Calculate v(d).
1
Let z(t) = 36*t**3 - 4 - 12*t**3 - 10*t**3 - 8*t - 13*t**3 + 4*t**2. Let h(f) = -f**3 + 9*f**2 - f + 4. Let l be h(9). Give z(l).
11
Let q be (3 + (-3)/5)*10/18. Let r(v) be the third derivative of 0*v + 0 + q*v**3 + 1/24*v**4 + 13*v**2. Determine r(-5).
3
Suppose 2*v + 3*v - 5 = 0. Let z(r) = 10*r + 95. Let k be z(-9). Let c(g) = 11 - k - 7 - g. Give c(v).
-2
Let h(t) = 2 + 120*t - 133*t - 28 + 13. Give h(5).
-78
Let y = -6026 - -6025. Let d(x) = x**2 - x + 3. Let b(n) = 2*n**2 - n + 2. Let l(r) = 3*b(r) - 2*d(r). Give l(y).
5
Let t(o) be the third derivative of 13*o**4/24 - 109*o**3/6 - 9*o**2 + 30. What is t(9)?
8
Suppose -4*m - r = 5, -4*r - 20 = -m - 0*r. Let l = -11 + 12. Let p(d) = -2 + 2 + 8 + l + d. What is p(m)?
9
Let l(d) be the third derivative of 1/6*d**4 + 1/3*d**3 - 23*d**2 + 0*d + 1/30*d**5 + 0. Give l(-3).
8
Suppose 4*g + 12 = 0, -70 = -3*j - 2*j + 5*g. Let h = -7 + j. Let x(p) = p**3 - 3*p**2 - 4*p - 6. Let b be x(h). Let w(m) = m + 6. Give w(b).
0
Let x(p) = -p**2 - p + 9. Let j be x(-4). Let g(a) = a + 0 - 3*a**2 + 2*a**2 - 1 + 0*a**2. Give g(j).
-13
Let y be 24/9 - (-67150)/75. Let u = 903 - y. Let z(g) = g**3 - 4*g**2 - 2*g - 5. Determine z(u).
10
